6)/((-14)/132908748*-8) composite?
False
Suppose 66*w + 8*w - 11389414 = 0. Is w a prime number?
True
Suppose 3*g - 9 = -0*g. Suppose -t - 12 = 3*t, -i = -g*t - 11. Suppose 0 = i*u - 1 - 9, u - 526 = -h. Is h a composite number?
False
Let a = 2128521 - 1083832. Is a composite?
False
Let r(v) = -257. Suppose 0 = -2*q - 2*u - 18, -2*q = -5*q + u - 19. Let y(m) = m - 770. Let l(k) = q*r(k) + 2*y(k). Is l(0) composite?
True
Let c(m) = 3*m**2 + 7 - m**3 - 2 - 1 + 9*m + 8. Let l be c(-5). Suppose -68 = -k + l. Is k a composite number?
True
Let m be 1*15/(8 - 3). Suppose -4867 = -m*c + 3*z + 4142, 4*z = -3*c + 8981. Suppose 0 = 2*k + o - 1245, -5*k + c = -5*o - 121. Is k a prime number?
False
Suppose 0 = -42*a - 6*a + 5941776. Is a a prime number?
True
Is 3 + (-172168)/(-6) + (-44)/(-33) a composite number?
True
Is (2 - 2710060/15)/(7 + 207/(-27)) composite?
False
Let b = -5907 + 10004. Is b a prime number?
False
Let v be 8/16 - 26/4. Let m be (-7)/((-21)/v) - 0. Let j(o) = -149*o + 1. Is j(m) composite?
True
Let g be 18 + (6 + -2 - 6). Is (4007/4)/(g/64) a prime number?
True
Suppose 0 = -5*u - 4*z + 660627, 5*u - 329*z = -330*z + 660633. Is u composite?
True
Suppose 22*l = 5*l + 748. Is (-9975)/(-11) - (-4)/l*2 a prime number?
True
Let p(h) = 3*h**3 - 109*h**2 + 62*h + 331. Is p(62) prime?
True
Is 185830 + 105 - 24/(-2) a composite number?
False
Let j = 636 - 634. Suppose -3*f - 2*f + 2*n + 108413 = 0, 0 = -4*f + j*n + 86730. Is f a composite number?
False
Is ((-42)/(-56))/((-12)/(-1454416)) prime?
True
Let i(f) = -f**3 + 22*f**2 - 15*f - 24. Let a be i(14). Suppose 0 = 22*l - 20*l - a. Is l a prime number?
False
Is -18 + (53726 - (16 + -3)) composite?
True
Let j = -117 + 122. Let t(n) = 109*n + 89. Is t(j) a prime number?
False
Let p be 6/(0 + 1 + 0). Suppose 11*f + 242 = m + 16*f, 0 = -3*f - 15. Suppose -3*d = -p*d + m. Is d a prime number?
True
Let b(j) = -772*j + 5. Let y(a) = -515*a + 3. Let o(g) = 5*b(g) - 8*y(g). Let w = 5 + -2. Is o(w) composite?
True
Let m(t) = t**3 + 13*t**2 + 5*t + 15. Let g be m(-13). Let s = g + 53. Suppose -87 = -s*w + 135. Is w a prime number?
False
Let l = 3303 - 5653. Let j = l - -4253. Is j composite?
True
Is (7990194/(-8))/(2394/(-3192)) composite?
False
Suppose -28*n - 7*n + 5618920 = 5*n. Is n a prime number?
True
Suppose -27*l = -235 - 197. Is (l/8 - -174*22) + 1 prime?
False
Let p = -876 + -780. Let f = p - -28025. Is f composite?
True
Suppose 0 = 15*d - 3 - 27. Is d + (-113618)/(-16) - (-10)/(-80) prime?
True
Is 324977 - 14 - -9 - -13 composite?
True
Let c be (-500)/(-6) - -2 - (-1)/(-3). Let m = 61 - c. Let u(q) = q**2 - 35*q - 53. Is u(m) prime?
False
Is -3 + 68013 + 6 - -7 composite?
False
Suppose 0 = m + 3*n - 258563, 3*n + n + 1034188 = 4*m. Is m prime?
True
Suppose 57*d - 54*d = 198903. Is d prime?
True
Let q(m) = 6508*m**2 - 81*m + 327. Is q(10) a prime number?
True
Let j(s) = -s + 1. Let y(g) = 8*g**2 + 7*g + 2. Let h(q) = -8*q**2 - 6*q - 1. Let r(z) = -5*h(z) - 4*y(z). Let l(m) = 4*j(m) + r(m). Is l(7) a prime number?
True
Let m(x) be the third derivative of 0*x - 7/24*x**4 + 23/6*x**3 + 0 - 13*x**2 + 1/30*x**5. Is m(-10) a composite number?
False
Is 8/(-12)*1708209/(-54) a prime number?
True
Let h(v) = 5*v**2 - 6. Let z be h(-2). Let u be (-10)/(-21)*423*z. Suppose 0 = 4*f + b - u, -2808 = f - 5*f - 4*b. Is f a prime number?
False
Let s(o) = 11 + 7*o**2 + 89*o - 89*o. Let i be s(-8). Let m = -236 + i. Is m a prime number?
True
Let b(m) be the second derivative of -11*m**3 + 5*m**2/2 - 37*m. Let u be b(-1). Suppose s - u = 222. Is s a prime number?
True
Let n = 103014 + -58435. Is n a prime number?
True
Suppose -346875 + 93515 = -8*v. Suppose 3*b - v - 16702 = 3*f, -b - 4*f = -16139. Is b a composite number?
False
Suppose 3*r - 5*z - 534839 = -79517, -5*r + 758848 = -z. Is r a prime number?
True
Suppose 2*b + 5*g = 5*b - 5392, -16 = -4*g. Suppose -5*q = -3*m + b - 38966, 5*m - 5 = 0. Is q prime?
True
Let g(l) = -l**3 + 66*l**2 + 712*l - 83. Is g(52) a composite number?
False
Suppose -43*t - 66968 = -65*t. Let m(a) = 518*a + 1. Let v be m(4). Let y = t - v. Is y prime?
True
Suppose 30*j - 2*u - 417413 = 25*j, -3*j + 4*u = -250445. Is j prime?
False
Let h(q) = -q**2 + 12*q - 27. Let o(u) = -10*u - 51. Let p be o(-6). Let y be h(p). Suppose y = r - 256 - 285. Is r a composite number?
False
Suppose 0 = 13*w - 70142 - 13955. Is w prime?
True
Let k(f) = 9*f**3 - 5*f**2 + 6*f + 1. Let n(c) = -11*c**2 - 5*c + 18. Let d(v) = -5*v**2 - 2*v + 9. Let u(q) = 13*d(q) - 6*n(q). Let y be u(-3). Is k(y) prime?
True
Suppose -6*d - 2 = 4. Let n be (-2)/(-2 + (-9)/(-6)). Is (3 + (-1929)/12)/(d/n) a prime number?
True
Let n = 1 - -64. Suppose -4*l = -m - n, 36 + 49 = 5*l - 5*m. Suppose r = -4*v + 11112, 2*r = -2*r - l. Is v a prime number?
False
Let s be (-2)/10 - (-378)/90. Is ((-5)/(-20) - (-2239)/s) + -3 a composite number?
False
Let d = -77 - -6. Let u = -44 - d. Suppose l - o - 12 = 0, -2*o + u = 4*l + o. Is l a composite number?
True
Suppose -30*h + 25855 = -11255. Let f = 4244 - h. Is f composite?
True
Let y(k) = 319*k + 1558. Is y(15) a prime number?
True
Suppose -213*s = -207*s - 12. Suppose 4*v - 3952 = 5*h + 29465, -h = s*v - 16705. Is v prime?
True
Let b be -8 + 13 + 4/(-2). Let s be 10263/21 + 6/21. Suppose -966 - s = -b*t. Is t prime?
False
Let l(m) be the third derivative of 67*m**7/1260 + m**6/720 + 7*m**5/120 - m**4/4 - 20*m**2. Let f(g) be the second derivative of l(g). Is f(4) prime?
False
Suppose 0*z - 12050 = -10*z. Suppose -4*t - 965 = -3*w, 2*w - z = 5*t - 2*w. Let j = t + 358. Is j prime?
True
Is (2/(-2 + 10))/(720/2352623040) prime?
True
Let m = 1535392 + -931221. Is m prime?
True
Let n(p) = 3043*p**2 - 114*p + 180. Is n(-11) composite?
False
Let t = 10358 + 32738. Suppose 10*i - t = 6*i. Is i prime?
False
Let i be 9169 + (-1)/4 + (-156)/(-48). Let h = 16783 + -10390. Let z = i - h. Is z prime?
False
Let g(w) = 784*w + 125. Is g(17) a composite number?
True
Let u(f) = 2*f**2 - 3*f + 2. Let j = 0 + 2. Let n be u(j). Is n/((-8)/(-1366))*(3 + -2) a prime number?
True
Let k = -10 - -12. Suppose -4*m - m = 6*l - 45654, 0 = -k*m. Is l a composite number?
True
Suppose 29*x = 20*x - 17577. Let r = 200 - x. Is r composite?
False
Let h(j) = 9*j**2 + 9*j + 31. Suppose -2*q - o - 22 = q, q = -o - 4. Is h(q) a composite number?
True
Let x(a) = 35*a**2 - 5*a - 12. Suppose 5*k = -5*n - 39 - 6, -5*n = 4*k + 44. Let y be x(n). Suppose 4*g - 2200 = y. Is g prime?
True
Let q = 128846 - 75297. Is q a composite number?
False
Let o be -10*(14/84 + 24167/(-30)). Let t = 11605 - o. Is t a prime number?
False
Suppose -613297 = -i - z, 0 = 148*z - 154*z + 36. Is i a composite number?
True
Let p(r) = -7899*r - 152. Is p(-1) prime?
False
Let l = 167 + -171. Is 11824/28 - (l/(-14))/1 a composite number?
True
Let u(k) be the second derivative of -85*k**3/6 + 22*k**2 - 14*k. Let n be u(19). Let t = -370 - n. Is t a composite number?
False
Suppose 175221 = 3*z - 4*n, -273*z - 5*n = -274*z + 58429. Is z composite?
True
Suppose -47*v + 1961365 = -12*v. Is v prime?
True
Let y = 157 + -105. Is y + -51 + (-3)/((-3)/4880) composite?
True
Suppose 2*j - 5*t = 19, 32*t = -2*j + 30*t - 2. Suppose 115964 = 4*w - 2*c - 87654, -j*w + 4*c + 101806 = 0. Is w a composite number?
True
Let z = 4116 - 4121. Let a(m) = 57*m - 22. Let k(t) = 172*t - 65. Let o(b) = 17*a(b) - 6*k(b). Is o(z) a prime number?
True
Let n(y) = 7*y**3 - 7*y**2 - 5*y - 19. Let a be n(7). Let j = 4313 - a. Is j a composite number?
False
Suppose -130*h + 126*h = -12*x + 249400, -4 = 4*h. Is x a composite number?
True
Let x = -147262 - -377295. Is x a prime number?
False
Suppose -5*l + 9050 - 665 = 0. Let c = l - -6122. Is c a composite number?
True
Let i be 9160/50*(-5)/(-2). Is (-11)/(-66)*i*(87 - 0) prime?
False
Suppose 386 = 4*k - 6*k. Let z = k - -340. Suppose -51 = -6*a + z. Is a a composite number?
True
Let b = 37952 - -14057. Is b prime?
True
Suppose 3*i - 18 = v, i + 3*v = 2*v + 2. Suppose 0 = i*y + y - 114. Suppose y*z - 16*z - 1227 = 0. Is z prime?
True
Let o = 177 + -177. Suppose -11*t + 5930 + 32009 = o. Is t composite?
False
Is (-63)/(-7)*2/(-33) + 570653/11 composite?
True
Let q = 304906 - 182985. Is q a composite number?
False
Suppose -52*n = -54*n - 8. L